{"id":22,"date":"2021-09-11T23:37:18","date_gmt":"2021-09-11T21:37:18","guid":{"rendered":"http:\/\/jazzybooking.com\/?page_id=22"},"modified":"2021-09-12T22:34:48","modified_gmt":"2021-09-12T20:34:48","slug":"artistes","status":"publish","type":"page","link":"https:\/\/jazzybooking.com\/index.php\/artistes\/","title":{"rendered":"Artistes"},"content":{"rendered":"\t\t<div data-elementor-type=\"wp-page\" data-elementor-id=\"22\" class=\"elementor elementor-22\" data-elementor-settings=\"[]\">\n\t\t\t\t\t\t<div class=\"elementor-inner\">\n\t\t\t\t\t\t\t<div class=\"elementor-section-wrap\">\n\t\t\t\t\t\t\t<section class=\"elementor-section elementor-top-section elementor-element elementor-element-8e4eb7c elementor-section-boxed elementor-section-height-default elementor-section-height-default\" data-id=\"8e4eb7c\" data-element_type=\"section\">\n\t\t\t\t\t\t<div class=\"elementor-container elementor-column-gap-default\">\n\t\t\t\t\t\t\t<div class=\"elementor-row\">\n\t\t\t\t\t<div class=\"elementor-column elementor-col-100 elementor-top-column elementor-element elementor-element-57592f0\" data-id=\"57592f0\" data-element_type=\"column\">\n\t\t\t<div class=\"elementor-column-wrap elementor-element-populated\">\n\t\t\t\t\t\t\t<div class=\"elementor-widget-wrap\">\n\t\t\t\t\t\t<div class=\"elementor-element elementor-element-a8efa43 elementor-widget elementor-widget-lae-portfolio\" data-id=\"a8efa43\" data-element_type=\"widget\" data-settings=\"{&quot;per_line&quot;:&quot;3&quot;,&quot;per_line_tablet&quot;:&quot;2&quot;,&quot;per_line_mobile&quot;:&quot;1&quot;}\" data-widget_type=\"lae-portfolio.default\">\n\t\t\t\t<div class=\"elementor-widget-container\">\n\t\t\t<div class=\"lae-portfolio-wrap lae-gapless-grid\"><div id=\"lae-portfolio-69e25fd4a9147\" class=\"lae-portfolio js-isotope lae-fitRows lae-grid-container lae-custom-skin lae-grid-desktop-3 lae-grid-tablet-2 lae-grid-mobile-1\" data-isotope-options='{ \"itemSelector\": \".lae-portfolio-item\", \"layoutMode\": \"fitRows\", \"originLeft\": true}'><div data-id=\"id-341\" class=\"lae-grid-item lae-portfolio-item \"><article id=\"post-341\" class=\"post-341 artiste type-artiste status-publish format-standard hentry entry\">\t\t<div data-elementor-type=\"livemesh_item\" data-elementor-id=\"127\" class=\"elementor elementor-127 post-341 artiste type-artiste status-publish format-standard hentry entry\" data-elementor-settings=\"[]\">\n\t\t<div class=\"elementor-section-wrap\">\n\t\t\t\t\t<section class=\"elementor-section elementor-top-section elementor-element elementor-element-831b86c elementor-section-boxed elementor-section-height-default elementor-section-height-default\" data-id=\"831b86c\" data-element_type=\"section\">\n\t\t\t\t\t\t<div class=\"elementor-container elementor-column-gap-no\">\n\t\t\t\t\t\t\t<div class=\"elementor-row\">\n\t\t\t\t\t<div class=\"elementor-column elementor-col-100 elementor-top-column elementor-element elementor-element-792c227\" data-id=\"792c227\" data-element_type=\"column\">\n\t\t\t<div class=\"elementor-column-wrap elementor-element-populated\">\n\t\t\t\t\t\t\t<div class=\"elementor-widget-wrap\">\n\t\t\t\t\t\t<div class=\"elementor-element elementor-element-7ddad20 elementor-widget elementor-widget-image\" data-id=\"7ddad20\" data-element_type=\"widget\" data-widget_type=\"image.default\">\n\t\t\t\t<div class=\"elementor-widget-container\">\n\t\t\t\t\t\t\t\t<div class=\"elementor-image\">\n\t\t\t\t\t\t\t\t\t\t\t\t\t<a href=\"https:\/\/jazzybooking.com\/index.php\/artiste\/queen-sheeba\/\">\n\t\t\t\t\t\t\t<img width=\"652\" height=\"1024\" src=\"https:\/\/jazzybooking.com\/wp-content\/uploads\/2021\/09\/Queen-652x1024.jpg\" class=\"attachment-large size-large\" alt=\"\" loading=\"lazy\" srcset=\"https:\/\/jazzybooking.com\/wp-content\/uploads\/2021\/09\/Queen-652x1024.jpg 652w, https:\/\/jazzybooking.com\/wp-content\/uploads\/2021\/09\/Queen-191x300.jpg 191w, https:\/\/jazzybooking.com\/wp-content\/uploads\/2021\/09\/Queen-768x1207.jpg 768w, https:\/\/jazzybooking.com\/wp-content\/uploads\/2021\/09\/Queen-978x1536.jpg 978w, https:\/\/jazzybooking.com\/wp-content\/uploads\/2021\/09\/Queen-1303x2048.jpg 1303w, https:\/\/jazzybooking.com\/wp-content\/uploads\/2021\/09\/Queen.jpg 1500w\" sizes=\"(max-width: 652px) 100vw, 652px\" style=\"width:100%;height:157.13%;max-width:1500px\" \/>\t\t\t\t\t\t\t\t<\/a>\n\t\t\t\t\t\t\t\t\t\t\t\t\t\t<\/div>\n\t\t\t\t\t\t<\/div>\n\t\t\t\t<\/div>\n\t\t\t\t<div class=\"elementor-element elementor-element-b538026 elementor-widget elementor-widget-heading\" data-id=\"b538026\" data-element_type=\"widget\" data-widget_type=\"heading.default\">\n\t\t\t\t<div class=\"elementor-widget-container\">\n\t\t\t<h2 class=\"elementor-heading-title elementor-size-default\">Queen Sheeba<\/h2>\t\t<\/div>\n\t\t\t\t<\/div>\n\t\t\t\t<div class=\"elementor-element elementor-element-0f099b3 elementor-widget elementor-widget-heading\" data-id=\"0f099b3\" data-element_type=\"widget\" data-widget_type=\"heading.default\">\n\t\t\t\t<div class=\"elementor-widget-container\">\n\t\t\t<h2 class=\"elementor-heading-title elementor-size-default\">( Afro, Afro Beat, et Zouk )<\/h2>\t\t<\/div>\n\t\t\t\t<\/div>\n\t\t\t\t<div class=\"elementor-element elementor-element-6cae5f1 elementor-widget elementor-widget-theme-post-excerpt\" data-id=\"6cae5f1\" data-element_type=\"widget\" data-widget_type=\"theme-post-excerpt.default\">\n\t\t\t\t<div class=\"elementor-widget-container\">\n\t\t\tFemme de c\u0153ur,femme de ch\u0153urs,\r\nFemme Forte de la Martinique,\r\nQueen Sheeba a \u00e9volu\u00e9 en tant que chanteuse\r\nlead, pr\u00f4nant l'amour, le respect, la fraternit\u00e9.\r\n\r\nAuteure, compositrice interpr\u00e8te, choriste\r\nmettant en avant la condition f\u00e9minine....(lire la suite)\t\t<\/div>\n\t\t\t\t<\/div>\n\t\t\t\t\t\t<\/div>\n\t\t\t\t\t<\/div>\n\t\t<\/div>\n\t\t\t\t\t\t\t\t<\/div>\n\t\t\t\t\t<\/div>\n\t\t<\/section>\n\t\t\t\t<\/div>\n\t\t<\/div>\n\t\t<\/article><!-- .hentry --><\/div><div data-id=\"id-197\" class=\"lae-grid-item lae-portfolio-item \"><article id=\"post-197\" class=\"post-197 artiste type-artiste status-publish format-standard hentry entry\">\t\t<div data-elementor-type=\"livemesh_item\" data-elementor-id=\"127\" class=\"elementor elementor-127 post-197 artiste type-artiste status-publish format-standard hentry entry\" data-elementor-settings=\"[]\">\n\t\t<div class=\"elementor-section-wrap\">\n\t\t\t\t\t<section class=\"elementor-section elementor-top-section elementor-element elementor-element-831b86c elementor-section-boxed elementor-section-height-default elementor-section-height-default\" data-id=\"831b86c\" data-element_type=\"section\">\n\t\t\t\t\t\t<div class=\"elementor-container elementor-column-gap-no\">\n\t\t\t\t\t\t\t<div class=\"elementor-row\">\n\t\t\t\t\t<div class=\"elementor-column elementor-col-100 elementor-top-column elementor-element elementor-element-792c227\" data-id=\"792c227\" data-element_type=\"column\">\n\t\t\t<div class=\"elementor-column-wrap elementor-element-populated\">\n\t\t\t\t\t\t\t<div class=\"elementor-widget-wrap\">\n\t\t\t\t\t\t<div class=\"elementor-element elementor-element-7ddad20 elementor-widget elementor-widget-image\" data-id=\"7ddad20\" data-element_type=\"widget\" data-widget_type=\"image.default\">\n\t\t\t\t<div class=\"elementor-widget-container\">\n\t\t\t\t\t\t\t\t<div class=\"elementor-image\">\n\t\t\t\t\t\t\t\t\t\t\t\t\t<a href=\"https:\/\/jazzybooking.com\/index.php\/artiste\/197-2\/\">\n\t\t\t\t\t\t\t<img width=\"720\" height=\"1024\" src=\"https:\/\/jazzybooking.com\/wp-content\/uploads\/2021\/09\/IMG_5498-720x1024.jpg\" class=\"attachment-large size-large\" alt=\"\" loading=\"lazy\" srcset=\"https:\/\/jazzybooking.com\/wp-content\/uploads\/2021\/09\/IMG_5498-720x1024.jpg 720w, https:\/\/jazzybooking.com\/wp-content\/uploads\/2021\/09\/IMG_5498-211x300.jpg 211w, https:\/\/jazzybooking.com\/wp-content\/uploads\/2021\/09\/IMG_5498-768x1092.jpg 768w, https:\/\/jazzybooking.com\/wp-content\/uploads\/2021\/09\/IMG_5498-1080x1536.jpg 1080w, https:\/\/jazzybooking.com\/wp-content\/uploads\/2021\/09\/IMG_5498-1440x2048.jpg 1440w, https:\/\/jazzybooking.com\/wp-content\/uploads\/2021\/09\/IMG_5498.jpg 1500w\" sizes=\"(max-width: 720px) 100vw, 720px\" style=\"width:100%;height:142.2%;max-width:1500px\" \/>\t\t\t\t\t\t\t\t<\/a>\n\t\t\t\t\t\t\t\t\t\t\t\t\t\t<\/div>\n\t\t\t\t\t\t<\/div>\n\t\t\t\t<\/div>\n\t\t\t\t<div class=\"elementor-element elementor-element-b538026 elementor-widget elementor-widget-heading\" data-id=\"b538026\" data-element_type=\"widget\" data-widget_type=\"heading.default\">\n\t\t\t\t<div class=\"elementor-widget-container\">\n\t\t\t<h2 class=\"elementor-heading-title elementor-size-default\">Roger Kom<\/h2>\t\t<\/div>\n\t\t\t\t<\/div>\n\t\t\t\t<div class=\"elementor-element elementor-element-0f099b3 elementor-widget elementor-widget-heading\" data-id=\"0f099b3\" data-element_type=\"widget\" data-widget_type=\"heading.default\">\n\t\t\t\t<div class=\"elementor-widget-container\">\n\t\t\t<h2 class=\"elementor-heading-title elementor-size-default\">( Afro Beat, Jazz, et World )<\/h2>\t\t<\/div>\n\t\t\t\t<\/div>\n\t\t\t\t<div class=\"elementor-element elementor-element-6cae5f1 elementor-widget elementor-widget-theme-post-excerpt\" data-id=\"6cae5f1\" data-element_type=\"widget\" data-widget_type=\"theme-post-excerpt.default\">\n\t\t\t\t<div class=\"elementor-widget-container\">\n\t\t\tRoger Kom participe \u00e0 la grandeur de l'afro beat depuis son plus jeune \u00e2ge.Musicien multi-instrumentiste,on le retrouve au saxophone,son instrument de pr\u00e9dilection aux c\u00f4t\u00e9s de Manu Dibango alors qu'il n'a pas 20ans.c'est \u00e0 cette \u00e9poque que Tony Allen fait sa connaissance lors de la premi\u00e8re tourn\u00e9e au Cameroun de L'AFRICA 70 de Fela Kuti.Plus tard \u00e0 Paris il rejoint le groupe GHETTO BLASTER de Kiala Nzavoutounga constitu\u00e9 d'ex musiciens de Fela Kuti ensuite il int\u00e8gre le groupe de Tony Allen dans lequel celui ci l'encourage a monter son propre groupe....(lire la suite)\t\t<\/div>\n\t\t\t\t<\/div>\n\t\t\t\t\t\t<\/div>\n\t\t\t\t\t<\/div>\n\t\t<\/div>\n\t\t\t\t\t\t\t\t<\/div>\n\t\t\t\t\t<\/div>\n\t\t<\/section>\n\t\t\t\t<\/div>\n\t\t<\/div>\n\t\t<\/article><!-- .hentry --><\/div><\/div><!-- .lae-portfolio --><\/div><!-- .lae-portfolio-wrap -->\t\t<\/div>\n\t\t\t\t<\/div>\n\t\t\t\t\t\t<\/div>\n\t\t\t\t\t<\/div>\n\t\t<\/div>\n\t\t\t\t\t\t\t\t<\/div>\n\t\t\t\t\t<\/div>\n\t\t<\/section>\n\t\t\t\t\t\t<\/div>\n\t\t\t\t\t\t<\/div>\n\t\t\t\t\t<\/div>\n\t\t","protected":false},"excerpt":{"rendered":"","protected":false},"author":1,"featured_media":0,"parent":0,"menu_order":0,"comment_status":"closed","ping_status":"closed","template":"elementor_header_footer","meta":[],"_links":{"self":[{"href":"https:\/\/jazzybooking.com\/index.php\/wp-json\/wp\/v2\/pages\/22"}],"collection":[{"href":"https:\/\/jazzybooking.com\/index.php\/wp-json\/wp\/v2\/pages"}],"about":[{"href":"https:\/\/jazzybooking.com\/index.php\/wp-json\/wp\/v2\/types\/page"}],"author":[{"embeddable":true,"href":"https:\/\/jazzybooking.com\/index.php\/wp-json\/wp\/v2\/users\/1"}],"replies":[{"embeddable":true,"href":"https:\/\/jazzybooking.com\/index.php\/wp-json\/wp\/v2\/comments?post=22"}],"version-history":[{"count":19,"href":"https:\/\/jazzybooking.com\/index.php\/wp-json\/wp\/v2\/pages\/22\/revisions"}],"predecessor-version":[{"id":253,"href":"https:\/\/jazzybooking.com\/index.php\/wp-json\/wp\/v2\/pages\/22\/revisions\/253"}],"wp:attachment":[{"href":"https:\/\/jazzybooking.com\/index.php\/wp-json\/wp\/v2\/media?parent=22"}],"curies":[{"name":"wp","href":"https:\/\/api.w.org\/{rel}","templated":true}]}}